{"id":2865,"date":"2016-03-09T13:58:19","date_gmt":"2016-03-09T10:58:19","guid":{"rendered":"http:\/\/accountant.azelab.com\/?page_id=12"},"modified":"2024-07-06T15:44:45","modified_gmt":"2024-07-06T18:44:45","slug":"sobre","status":"publish","type":"page","link":"https:\/\/technosconsult.com.br\/index.php\/sobre\/","title":{"rendered":"Sobre n\u00f3s"},"content":{"rendered":"<div class=\"wpb-content-wrapper\"><p>[vc_row full_width=&#8221;stretch_row&#8221; el_class=&#8221;main-text&#8221; css=&#8221;.vc_custom_1465319363288{padding-top: 6% !important;padding-bottom: 6% !important;background-image: url(https:\/\/accountantwp.azelab.com\/wp-content\/upload-images\/2016\/03\/shutterstock_779.jpg?id=2266) !important;background-position: center !important;background-repeat: no-repeat !important;background-size: cover !important;}&#8221;][vc_column][vc_row_inner][vc_column_inner width=&#8221;1\/2&#8243;][vc_custom_heading text=&#8221;Quem <strong>Somos?<\/strong>&#8221; font_container=&#8221;tag:h3|font_size:40px|text_align:left|color:%23000000|line_height:32px&#8221; use_theme_fonts=&#8221;yes&#8221; css=&#8221;.vc_custom_1720291274143{margin-top: 0px !important;margin-bottom: 40px !important;border-bottom-width: 5px !important;border-left-width: 5px !important;padding-top: 5px !important;padding-bottom: 18px !important;padding-left: 18px !important;border-left-color: #f8f8f8 !important;border-bottom-color: #f8f8f8 !important;}&#8221;][vc_custom_heading text=&#8221;A Technos Consultoria Empresarial \u00e9 uma empresa com mais de tr\u00eas d\u00e9cadas de experi\u00eancia no mercado atendendo uma gama grande e diferenciada de clientes de todos os segmentos de mercado, fundada em 1986 conta com equipe experiente e atualizada para atender seus clientes de forma t\u00e9cnica.&#8221; font_container=&#8221;tag:p|font_size:14px|text_align:left|color:%232b2b2b|line_height:20px&#8221; use_theme_fonts=&#8221;yes&#8221;][vc_custom_heading text=&#8221;Somos uma empresa especializada na \u00e1rea Cont\u00e1bil. Prestamos servi\u00e7os de Assessoria e Consultoria nas \u00e1reas Cont\u00e1bil, Fiscal, Trabalhista, Tribut\u00e1ria.<br \/>\nSomos uma Equipe experiente de contadores, com viv\u00eancia em grandes empresas do ramo cont\u00e1bil.&#8221; font_container=&#8221;tag:p|font_size:14px|text_align:left|color:%232b2b2b|line_height:20px&#8221; use_theme_fonts=&#8221;yes&#8221;][vc_custom_heading text=&#8221;Nossas principais habilidades s\u00e3o Integridade, organiza\u00e7\u00e3o, praticidade, customiza\u00e7\u00e3o, manuten\u00e7\u00e3o do conhecimento em contabilidade. Utilizamos tecnologia e m\u00e9todos de trabalhos que priorizam a qualidade e atendimentos aos nossos clientes.&#8221; font_container=&#8221;tag:p|font_size:14px|text_align:left|color:%232b2b2b|line_height:20px&#8221; use_theme_fonts=&#8221;yes&#8221;][\/vc_column_inner][vc_column_inner width=&#8221;1\/2&#8243;][vc_single_image image=&#8221;2196&#8243; img_size=&#8221;full&#8221; alignment=&#8221;right&#8221;][\/vc_column_inner][\/vc_row_inner][\/vc_column][\/vc_row][vc_row][vc_column][vc_empty_space height=&#8221;40px&#8221;][\/vc_column][\/vc_row][vc_section][vc_row][vc_column width=&#8221;1\/3&#8243;][vc_column_text]<\/p>\n<h1 style=\"text-align: center;\">Miss\u00e3o<\/h1>\n<p>[\/vc_column_text][vc_separator color=&#8221;custom&#8221; style=&#8221;double&#8221; border_width=&#8221;3&#8243; accent_color=&#8221;#fda425&#8243;][vc_custom_heading text=&#8221;Fornecer servi\u00e7os de qualidade aos nossos clientes, para que multipliquem seus resultados e tenham uma boa vis\u00e3o de organiza\u00e7\u00e3o, pois sabemos que o empres\u00e1rio necessita ter tranquilidade para poder tomar decis\u00f5es.&#8221; font_container=&#8221;tag:p|font_size:16px|text_align:left|color:%232b2b2b|line_height:20px&#8221; use_theme_fonts=&#8221;yes&#8221;][\/vc_column][vc_column width=&#8221;1\/3&#8243;][vc_column_text]<\/p>\n<h1 style=\"text-align: center;\">Vis\u00e3o<\/h1>\n<p>[\/vc_column_text][vc_separator color=&#8221;custom&#8221; style=&#8221;double&#8221; border_width=&#8221;3&#8243; accent_color=&#8221;#fda425&#8243;][vc_custom_heading text=&#8221;Ser reconhecido pela disponibilidade de solu\u00e7\u00f5es cont\u00e1beis, munindo nossos clientes de informa\u00e7\u00f5es, garantindo seu fortalecimento e solidez, firmando uma parceiria s\u00e9ria e duradoura.&#8221; font_container=&#8221;tag:p|font_size:16px|text_align:left|color:%232b2b2b|line_height:20px&#8221; use_theme_fonts=&#8221;yes&#8221;][\/vc_column][vc_column width=&#8221;1\/3&#8243;][vc_column_text]<\/p>\n<h1 style=\"text-align: center;\">Valores<\/h1>\n<p>[\/vc_column_text][vc_separator color=&#8221;custom&#8221; style=&#8221;double&#8221; border_width=&#8221;3&#8243; accent_color=&#8221;#fda425&#8243;][vc_custom_heading text=&#8221;\u00c9tica profissional, Comprometimento e qualidade, Trabalho em equipe, Relacionamento de parceria com o cliente, Dinamismo, Transpar\u00eancia, Integridade e Responsabilidade.&#8221; font_container=&#8221;tag:p|font_size:16px|text_align:left|color:%232b2b2b|line_height:20px&#8221; use_theme_fonts=&#8221;yes&#8221;][\/vc_column][\/vc_row][\/vc_section][vc_row][vc_column][vc_empty_space height=&#8221;80px&#8221;][\/vc_column][\/vc_row]<\/p>\n<\/div>","protected":false},"excerpt":{"rendered":"<p>[vc_row full_width=&#8221;stretch_row&#8221; el_class=&#8221;main-text&#8221; css=&#8221;.vc_custom_1465319363288{padding-top: 6% !important;padding-bottom: 6% !important;background-image: url(https:\/\/accountantwp.azelab.com\/wp-content\/upload-images\/2016\/03\/shutterstock_779.jpg?id=2266) !important;background-position: center !important;background-repeat: no-repeat !important;background-size: cover !important;}&#8221;][vc_column][vc_row_inner][vc_column_inner width=&#8221;1\/2&#8243;][vc_custom_heading text=&#8221;Quem Somos?&#8221; font_container=&#8221;tag:h3|font_size:40px|text_align:left|color:%23000000|line_height:32px&#8221; use_theme_fonts=&#8221;yes&#8221; css=&#8221;.vc_custom_1720291274143{margin-top: 0px !important;margin-bottom: 40px !important;border-bottom-width: 5px !important;border-left-width: 5px !important;padding-top: 5px !important;padding-bottom: 18px !important;padding-left: 18px !important;border-left-color: #f8f8f8 !important;border-bottom-color: #f8f8f8 !important;}&#8221;][vc_custom_heading text=&#8221;A Technos Consultoria Empresarial \u00e9 uma empresa com mais de tr\u00eas d\u00e9cadas de experi\u00eancia no [&hellip;]<\/p>\n","protected":false},"author":1,"featured_media":0,"parent":0,"menu_order":0,"comment_status":"open","ping_status":"closed","template":"","meta":{"footnotes":""},"class_list":["post-2865","page","type-page","status-publish","hentry","item-width-4"],"_links":{"self":[{"href":"https:\/\/technosconsult.com.br\/index.php\/wp-json\/wp\/v2\/pages\/2865","targetHints":{"allow":["GET"]}}],"collection":[{"href":"https:\/\/technosconsult.com.br\/index.php\/wp-json\/wp\/v2\/pages"}],"about":[{"href":"https:\/\/technosconsult.com.br\/index.php\/wp-json\/wp\/v2\/types\/page"}],"author":[{"embeddable":true,"href":"https:\/\/technosconsult.com.br\/index.php\/wp-json\/wp\/v2\/users\/1"}],"replies":[{"embeddable":true,"href":"https:\/\/technosconsult.com.br\/index.php\/wp-json\/wp\/v2\/comments?post=2865"}],"version-history":[{"count":7,"href":"https:\/\/technosconsult.com.br\/index.php\/wp-json\/wp\/v2\/pages\/2865\/revisions"}],"predecessor-version":[{"id":2934,"href":"https:\/\/technosconsult.com.br\/index.php\/wp-json\/wp\/v2\/pages\/2865\/revisions\/2934"}],"wp:attachment":[{"href":"https:\/\/technosconsult.com.br\/index.php\/wp-json\/wp\/v2\/media?parent=2865"}],"curies":[{"name":"wp","href":"https:\/\/api.w.org\/{rel}","templated":true}]}}